{"id":382,"date":"2017-07-10T17:45:18","date_gmt":"2017-07-10T15:45:18","guid":{"rendered":"https:\/\/kjg.aardvark.it\/?page_id=382"},"modified":"2019-11-03T20:41:17","modified_gmt":"2019-11-03T19:41:17","slug":"winzertage","status":"publish","type":"page","link":"https:\/\/kjg-rebland.de\/?page_id=382","title":{"rendered":"Winzertage"},"content":{"rendered":"<p>Wir sind auch jedes Jahr an den Mittelalterlichen Winzertage in Steinbach, mit unserem legend\u00e4ren Bowlestand vertreten.<\/p>\n<p>Sowohl am Stand beim Rathaus, als auch im Pfarrgarten d\u00fcrfen sich Jung und Alt auf Pfirsich-, Anananas- und unsere ber\u00fchmte Erdbeerbowle, sowie das Kultgetr\u00e4nk Hugo, Tante Hedwigs, Marmorsaft und viele andere Getr\u00e4nke freuen.<\/p>\n<p>Auch kulturell und traditionell sind wir jedes Jahr beteiligt. F\u00fcr die \u201eKleinen\u201c wird es am Samstag und am Sonntag unser Kindertheater im Pfarrgarten geben. Die allj\u00e4hrliche Szene f\u00fcr die \u201eGro\u00dfen\u201c findet Freitag und Samstag jeweils statt.<\/p>\n<p>Damit ihr nicht so schnell m\u00fcde werdet, haben wir jedes Jahr Freitags und Samstags Bands f\u00fcr euch organisiert.<\/p>\n<p>Also kommt doch am besten einfach vorbei. Wir freuen uns auf Euch<\/p>\n<p>&nbsp;<\/p>\n<p>&nbsp;<\/p>\n<p>AN ALLE HOBBY- UND PROFIMUSIKER UNTER EUCH!!!<\/p>\n<p>Die KjG-Rebland sucht f\u00fcr ihre B\u00fchne im legend\u00e4ren \u201eKjG-Garten\u201c an den Winzertagen in Steinbach jedes Jahr Musik-Acts.<\/p>\n<p>Gesucht sind:<span class=\"text_exposed_show\"><br \/>\nmotivierte Rock- und\/oder Coverbands, die Bock auf eine einzigartige Location bei einem Fest der besonderen Art haben<\/span><\/p>\n<div class=\"text_exposed_show\">\n<p>Geboten wird:<br \/>\nein vielf\u00e4ltiges Publikum<br \/>\ndie M\u00f6glichkeit, auf einer tollen B\u00fchne bei einzigartiger Atmosph\u00e4re vor ganz besonderen Menschen zu spielen<br \/>\neine kleine Gage, sowie freie Kost und Logie unseres Sortiments<\/p>\n<p>Wann?<br \/>\nFreitag und Samstag (die Zeiten k\u00f6nnen nach Absprache variieren, genaues Datum wird auf Anfrage bekannt gegeben)<\/p>\n<p>Wo?<br \/>\nMittelalterliche Winzertage Steinbach im \u201eGarten\u201c der KjG-Rebland<\/p>\n<p>Neugierig geworden?<br \/>\ndann einfach eine Nachricht an unsere <a href=\"https:\/\/www.facebook.com\/KjGRebland\/\">Facebook-Seite<\/a> schreiben!<\/p>\n<\/div>\n","protected":false},"excerpt":{"rendered":"<p>Wir sind auch jedes Jahr an den Mittelalterlichen Winzertage in Steinbach, mit unserem legend\u00e4ren Bowlestand vertreten. Sowohl am Stand beim Rathaus, als auch im Pfarrgarten d\u00fcrfen sich Jung und Alt auf Pfirsich-, Anananas- und unsere ber\u00fchmte Erdbeerbowle, sowie das Kultgetr\u00e4nk Hugo, Tante Hedwigs, Marmorsaft und viele andere Getr\u00e4nke freuen. Auch [&hellip;]<\/p>\n","protected":false},"author":7,"featured_media":418,"parent":42,"menu_order":3,"comment_status":"closed","ping_status":"closed","template":"","meta":{"ngg_post_thumbnail":0,"footnotes":""},"class_list":["post-382","page","type-page","status-publish","has-post-thumbnail","hentry"],"rttpg_featured_image_url":{"full":["https:\/\/i0.wp.com\/kjg-rebland.de\/wp-content\/uploads\/2017\/07\/winzertage3.png?fit=1119%2C631&ssl=1",1119,631,false],"landscape":["https:\/\/kjg-rebland.de\/wp-content\/uploads\/2017\/07\/winzertage3.png",1119,631,false],"portraits":["https:\/\/kjg-rebland.de\/wp-content\/uploads\/2017\/07\/winzertage3.png",1119,631,false],"thumbnail":["https:\/\/i0.wp.com\/kjg-rebland.de\/wp-content\/uploads\/2017\/07\/winzertage3.png?resize=150%2C150&ssl=1",150,150,true],"medium":["https:\/\/i0.wp.com\/kjg-rebland.de\/wp-content\/uploads\/2017\/07\/winzertage3.png?fit=300%2C169&ssl=1",300,169,true],"large":["https:\/\/i0.wp.com\/kjg-rebland.de\/wp-content\/uploads\/2017\/07\/winzertage3.png?fit=750%2C423&ssl=1",750,423,true],"1536x1536":["https:\/\/i0.wp.com\/kjg-rebland.de\/wp-content\/uploads\/2017\/07\/winzertage3.png?fit=1119%2C631&ssl=1",1119,631,true],"2048x2048":["https:\/\/i0.wp.com\/kjg-rebland.de\/wp-content\/uploads\/2017\/07\/winzertage3.png?fit=1119%2C631&ssl=1",1119,631,true],"hestia-blog":["https:\/\/i0.wp.com\/kjg-rebland.de\/wp-content\/uploads\/2017\/07\/winzertage3.png?resize=360%2C240&ssl=1",360,240,true]},"rttpg_author":{"display_name":"KjG","author_link":"https:\/\/kjg-rebland.de\/?author=7"},"rttpg_comment":0,"rttpg_category":null,"rttpg_excerpt":"Wir sind auch jedes Jahr an den Mittelalterlichen Winzertage in Steinbach, mit unserem legend\u00e4ren Bowlestand vertreten. Sowohl am Stand beim Rathaus, als auch im Pfarrgarten d\u00fcrfen sich Jung und Alt auf Pfirsich-, Anananas- und unsere ber\u00fchmte Erdbeerbowle, sowie das Kultgetr\u00e4nk Hugo, Tante Hedwigs, Marmorsaft und viele andere Getr\u00e4nke freuen. Auch [&hellip;]","_links":{"self":[{"href":"https:\/\/kjg-rebland.de\/index.php?rest_route=\/wp\/v2\/pages\/382","targetHints":{"allow":["GET"]}}],"collection":[{"href":"https:\/\/kjg-rebland.de\/index.php?rest_route=\/wp\/v2\/pages"}],"about":[{"href":"https:\/\/kjg-rebland.de\/index.php?rest_route=\/wp\/v2\/types\/page"}],"author":[{"embeddable":true,"href":"https:\/\/kjg-rebland.de\/index.php?rest_route=\/wp\/v2\/users\/7"}],"replies":[{"embeddable":true,"href":"https:\/\/kjg-rebland.de\/index.php?rest_route=%2Fwp%2Fv2%2Fcomments&post=382"}],"version-history":[{"count":2,"href":"https:\/\/kjg-rebland.de\/index.php?rest_route=\/wp\/v2\/pages\/382\/revisions"}],"predecessor-version":[{"id":388,"href":"https:\/\/kjg-rebland.de\/index.php?rest_route=\/wp\/v2\/pages\/382\/revisions\/388"}],"up":[{"embeddable":true,"href":"https:\/\/kjg-rebland.de\/index.php?rest_route=\/wp\/v2\/pages\/42"}],"wp:featuredmedia":[{"embeddable":true,"href":"https:\/\/kjg-rebland.de\/index.php?rest_route=\/wp\/v2\/media\/418"}],"wp:attachment":[{"href":"https:\/\/kjg-rebland.de\/index.php?rest_route=%2Fwp%2Fv2%2Fmedia&parent=382"}],"curies":[{"name":"wp","href":"https:\/\/api.w.org\/{rel}","templated":true}]}}